z?
38
Let f(y) = 2 + 40*y**2 + y - 84*y**2 + 41*y**2 + y**3. Let c be f(2). Suppose -4 = -2*a - c*q + q, 5*a + q = 3. What is the greatest common factor of a and 11?
1
Let d = 579 + -371. Let y be -6 - (-2 - (d - -3)). Calculate the greatest common divisor of y and 9.
9
Let x be ((-16)/48)/(2/(-222)). Suppose x*p + 7*p - 1760 = 0. Suppose -j = -y - 159, -155 = -2*j + j + 5*y. Calculate the highest common factor of j and p.
40
Let h(n) = 126*n**3 - 2*n**2 + 3*n - 14. Let i be h(2). What is the highest common divisor of i and 186?
62
Suppose -12832 - 71 = -187*y. Let h(x) = -2*x**3 + 4*x + 4. Let l be h(-3). Calculate the greatest common factor of y and l.
23
Let f be 58/5*(-90)/(-72) + 2/(-4). Suppose 2*b = -3*b - 80. Let s = -9 - b. What is the greatest common divisor of s and f?
7
Suppose 5*c - 34 = -4, -2*p + 2*c + 60 = 0. What is the greatest common factor of 6957 and p?
9
Let u = -3408 + 4176. Calculate the greatest common factor of u and 144.
48
Suppose 16426*q = 16436*q - 8170. What is the greatest common divisor of 43 and q?
43
Let p = 16280 - 16183. Calculate the greatest common divisor of p and 2425.
97
Let j(o) = -21*o - 55. Let y be j(-3). Let v be -32*(3 - (-2 - -7)). Let f be (9/6)/(24/v). Calculate the highest common factor of y and f.
4
Let b(h) = 8*h**2 + 38*h - 12. Let u be b(-5). Let l(o) = o**3 + 4*o**2 + o - 4. Let r be l(u). What is the greatest common factor of r and 11?
1
Let a = -13 + 15. Suppose 10 + 48 = 2*g - 2*r, 0 = -5*r + 25. Calculate the highest common factor of g and a.
2
Suppose -24*f + 37 = -2843. Calculate the greatest common factor of f and 1905.
15
Let v(b) = b**3 - 17*b**2 + 17*b - 8. Let m be v(16). Let p be (-28)/(m/3*(-22)/88). What is the highest common divisor of 24 and p?
6
Suppose -g + 1 + 16 = -4*m, 0 = -3*g + 3*m + 42. Suppose -3*j = -16*l + g*l + 948, 4*l + 2*j = 1258. Calculate the highest common factor of 63 and l.
63
Let a be (5 + (-152)/16)/(1/(-10)). Calculate the greatest common divisor of a and 1965.
15
Let z be (279/1)/((2 + -5)/(-12 + 9)). What is the greatest common divisor of z and 2077?
31
Let x be 28/21 - 1*(-20)/12. Suppose -x*p - 20*p + 1311 = 0. What is the highest common divisor of 513 and p?
57
Suppose -4*x + 2*t + 56 = 0, -3*x = -t - 3*t - 32. Suppose -1440 = -53*k + 8*k + 2160. What is the highest common factor of x and k?
16
Suppose -3*w - 53 + 316 = 2*g, -269 = -2*g - w. What is the highest common divisor of 16082 and g?
34
Let y = -5912 - -10457. Calculate the greatest common divisor of y and 45.
45
Let u(d) = d**3 - 9*d**2 + 3*d - 7. Let l be u(7). Let a = -138 - -96. Let t = a - l. Calculate the greatest common factor of t and 6.
6
Let p = -30167 - -33521. Calculate the highest common divisor of 24 and p.
6
Suppose -20*z + 14*z + 359948 = 101*z. Calculate the highest common divisor of z and 1044.
116
Let g = -24 - -60. Let d = g - -9. What is the greatest common divisor of d and 225?
45
Suppose -2*d + 19 = -h - 22, -3*d - 2*h = -65. Let q(i) = -8*i**2 + 58*i - 18. Let c be q(6). What is the highest common divisor of d and c?
21
Suppose -4*c = -5*z + 689 - 264, z + 3*c - 66 = 0. Suppose -3*j + z = 27. Let m = 75 - 21. Calculate the highest common divisor of j and m.
18
Let g = -429 - -1239. What is the highest common factor of g and 210?
30
Let q = 119 - 9. Suppose 5*s + 1645 = 5*b, 2*b - 347 = 3*s + 310. Suppose -7*i = 26*i - b. What is the highest common factor of q and i?
10
Let u(k) = 19*k + 4869. Let d be u(51). Calculate the greatest common factor of 126 and d.
42
Suppose 4*v = -2*h + 100, 4*h - 239 = -0*v + 5*v. Let z = 56 - 52. Suppose -o + z + 18 = 4*w, 3*o - w - 40 = 0. What is the greatest common divisor of h and o?
14
Suppose -6394*x + 6375*x + 13889 = 0. Let l(d) = -17*d**3 + d**2 + 2*d + 1. Let f be l(-1). What is the greatest common factor of f and x?
17
Let g be -3 + (1009 - -2) - 48/6. What is the highest common divisor of 125 and g?
125
Let x = -72 - -72. Suppose x = 8*h - 353 + 1. Let i be (h/10 - 4) + (-73)/(-5). What is the highest common factor of i and 105?
15
Let d be (11 - 4) + (672/6 - -4). What is the highest common divisor of 82 and d?
41
Let z(n) be the third derivative of n**5/30 + 7*n**4/24 - 43*n**3/6 + 10*n**2 - 5*n. Let c be z(-13). What is the greatest common factor of c and 36?
12
Let n = -387 + 203. Let c = n - -220. What is the greatest common divisor of 18 and c?
18
Suppose -4*v = 5*c - 349, -206*v + 2*c = -205*v - 97. Calculate the highest common factor of v and 182.
91
Let i be (-264)/(-60) - 3*3/(-15). Suppose i*h + 87 = 577. What is the greatest common factor of 28 and h?
14
Suppose 0 = -21*s + 850 + 1481. What is the highest common factor of s and 1591?
37
Let q(b) = -4 - 2*b**2 + b**2 + 3 - 1 + 8*b. Let y be q(3). Let a = 43 - y. Calculate the greatest common divisor of a and 3.
3
Let s = 885 - 602. Let z = 295 - s. What is the greatest common divisor of z and 1164?
12
Suppose -4*c = -2*h + 528, -2*c = -h - 7*c + 264. Let p = 308361 + -308337. What is the highest common factor of p and h?
24
Let j(x) = -62 - 34*x + 31*x**2 - x**3 + 27 + 158. Let v be j(30). What is the greatest common factor of v and 111?
3
Suppose -12*u + 1121 = -6847. Suppose u = -33*v + 2644. What is the highest common factor of v and 960?
60
Let l(x) = -1878*x + 613. Let u be l(-13). Calculate the greatest common divisor of u and 29.
29
Let y = 90 - 73. Suppose 0 = -44*a + y*a + 4617. Calculate the greatest common divisor of a and 19.
19
Suppose -115552 = -134*k + 64247 + 64885. Calculate the greatest common factor of 253 and k.
11
Let x be ((-3)/2*-2)/(4/(-12)). Let u(f) = -35*f - 9. Let d be u(x). Suppose -65 = -3*o + 5*b + 42, 3 = -3*b. What is the highest common factor of d and o?
34
Let y be (199 + 27/9)/(2/3). Suppose 0 = -13*d + y + 412. What is the greatest common factor of 22 and d?
11
Let r = -741 + 11. Let j = 773 + r. Calculate the highest common divisor of j and 215.
43
Let u be -14*(-3 + (-14)/4). Suppose 192 = 23*k + 31. What is the greatest common divisor of u and k?
7
Suppose -x - 3 = -14. Let s = -12 + 116. Suppose 96 = p - 3*c, -5*p + s = 4*c - 395. Calculate the greatest common factor of p and x.
11
Let l = -206 + 209. Suppose l*s = 3*n - 126, -10*n = -7*n - 2*s - 122. Let m be 1881/(-6)*8/(-6). What is the highest common divisor of n and m?
38
Let k(p) = -p**3 + 12*p**2 - 12*p + 13. Let u be k(11). Let i be -3 + u + 17 + 1. Let q = -7 + i. Calculate the highest common divisor of 80 and q.
10
Let g(p) = -7*p**2 - 95*p + 113. Let x be g(-13). Calculate the greatest common divisor of 120 and x.
15
Let g be (16/(-14))/((-12)/840). Suppose 4800 = 19*q - 7*q. Calculate the greatest common factor of q and g.
80
Suppose 5*d - 131 = 4*p, -18*d + 5*p = -19*d + 61. What is the greatest common divisor of d and 9641?
31
Let v = -16 - -62. Let s(f) = -f**3 + 139*f**2 - 923*f + 167. Let x be s(132). Calculate the highest common divisor of x and v.
23
Let v(u) = 109*u + 13931. Let n be v(-125). Calculate the greatest common divisor of 360 and n.
18
Let n(m) = 3*m + 33. Let o be n(7). Let v be -4*7/7*(-9 - 0). What is the greatest common factor of o and v?
18
Let p = 17 + -18. Let a = p - -11. Suppose 3*h = -15, 0 = 2*w - h + 28 - 253. What is the highest common factor of w and a?
10
Let z be (-4)/22 - 6801396/(-3311). Calculate the highest common divisor of 26 and z.
26
Let o = 689 + -361. Suppose -h - 505 = -4*p - 173, -4*p + 2*h + o = 0. Calculate the highest common divisor of 21 and p.
21
Let f be (4/(-6))/((-77594)/(-19404) + -4). What is the highest common divisor of 204 and f?
12
Suppose 5*s + 5*i + 701 = 2396, s + 2*i - 334 = 0. Let y(g) = g**3 + 2*g**2 + 228*g - 725. Let c be y(3). Calculate the highest common divisor of c and s.
4
Suppose -3*d - 90*d + 118 + 161 = 0. Calculate the highest common factor of d and 4731.
3
Let g be -4 + 4/(-22) + 2214/198. Let d be ((-2)/(-7))/(1 - 6/g). What is the greatest common factor of 7 and d?
1
Suppose 2*z - 175 = 4*d - 47, -2*z + 114 = 3*d. Calculate the highest common factor of 1580 and z.
20
Let t be 8241/30 + (-9)/(-30). Suppose 20*v - 125 = t. Calculate the highest common divisor of v and 80.
20
Let i = -14238 + 14310. What is the greatest common divisor of i and 13128?
24
Let p = -419 - -405. Le